 5289689 a composite number?
True
Is 2419754 a composite number?
True
Is 3941431 a prime number?
False
Is 1079569 composite?
False
Is 299137 a prime number?
True
Is 15591143 prime?
True
Is 42772909 a composite number?
False
Is 16387807 a composite number?
False
Is 30639991 prime?
False
Is 153303421 prime?
True
Is 124136521 a composite number?
True
Is 878907 a composite number?
True
Is 1822826 a prime number?
False
Is 267373 a composite number?
False
Is 9873383 a composite number?
True
Is 22698733 a composite number?
True
Is 2310643 a prime number?
True
Is 5297 a prime number?
True
Is 10521629 a composite number?
False
Is 60736439 prime?
True
Is 1357201 composite?
False
Is 597761 a prime number?
True
Is 1882973 a prime number?
False
Is 36447583 composite?
True
Is 557393 composite?
True
Is 2819189 a prime number?
True
Is 249924431 prime?
False
Is 2057953 composite?
False
Is 3761683 a prime number?
False
Is 8257801 a composite number?
True
Is 278911091 composite?
True
Is 15872873 a prime number?
True
Is 12950473 prime?
False
Is 30750801 a composite number?
True
Is 549001 prime?
True
Is 81419141 composite?
False
Is 69706667 a prime number?
False
Is 1268588015 a prime number?
False
Is 10730974 a composite number?
True
Is 74582615 composite?
True
Is 1060673 composite?
False
Is 72739211 composite?
False
Is 77843839 a composite number?
True
Is 28628779 prime?
False
Is 3819691 prime?
True
Is 71159 a prime number?
False
Is 9297089 composite?
True
Is 48556249 prime?
False
Is 5956751 composite?
False
Is 63196897 a composite number?
True
Is 324427273 a composite number?
True
Is 17602483 a composite number?
False
Is 10841281 composite?
True
Is 100041603 prime?
False
Is 61238773 prime?
True
Is 1879121 prime?
True
Is 29577643 a prime number?
True
Is 1860847 a prime number?
True
Is 2839249 prime?
False
Is 22206973 composite?
False
Is 40084159 a prime number?
False
Is 305178011 a prime number?
True
Is 15468823 composite?
True
Is 1432259 composite?
True
Is 14180683 a prime number?
False
Is 2688139 a composite number?
True
Is 148263721 a composite number?
False
Is 122524693 a prime number?
False
Is 698217299 composite?
True
Is 61479389 prime?
True
Is 285463393 a prime number?
False
Is 189029287 composite?
False
Is 115935263 composite?
False
Is 3306131 prime?
True
Is 220979611 composite?
True
Is 4095907 composite?
True
Is 252899951 a prime number?
True
Is 647477 a prime number?
True
Is 12809117 a composite number?
False
Is 22803931 composite?
True
Is 2029003 a prime number?
True
Is 5228593 prime?
True
Is 108201451 a prime number?
True
Is 13451197 a prime number?
True
Is 2995541 a composite number?
False
Is 8652919 prime?
False
Is 2818493 a composite number?
True
Is 1177009 a prime number?
True
Is 55306591 a composite number?
False
Is 42944359 a prime number?
True
Is 13341583 composite?
True
Is 104097607 prime?
True
Is 53401897 composite?
True
Is 148963951 prime?
True
Is 143630171 a prime number?
True
Is 432083 a composite number?
True
Is 28027331 composite?
False
Is 530254661 a composite number?
False
Is 25899046 a prime number?
False
Is 69333863 composite?
False
Is 83888903 a composite number?
True
Is 152444869 a prime number?
True
Is 2994427 composite?
True
Is 17236507 a prime number?
False
Is 3323311 a composite number?
False
Is 149169013 composite?
True
Is 7456663 composite?
False
Is 1862087 prime?
True
Is 710273 a prime number?
True
Is 507187 composite?
True
Is 342435089 composite?
False
Is 5340317 composite?
False
Is 105611 a prime number?
False
Is 197265283 a composite number?
True
Is 10305431 composite?
False
Is 8111503 a composite number?
True
Is 3062461 a composite number?
False
Is 87074933 a prime number?
False
Is 53474041 a composite number?
False
Is 1389749 a composite number?
False
Is 46731943 a composite number?
False
Is 27244538 a prime number?
False
Is 8260718 a prime number?
False
Is 96226313 prime?
True
Is 96451483 a prime number?
True
Is 3685109 a prime number?
False
Is 1413479 a composite number?
False
Is 1512577 composite?
True
Is 10236157 a composite number?
True
Is 15273941 prime?
False
Is 13468745 composite?
True
Is 24560509 prime?
True
Is 1559926813 composite?
True
Is 6790346 a composite number?
True
Is 4107869 a composite number?
True
Is 4294279 a prime number?
False
Is 19061239 composite?
False
Is 1094669 a composite number?
False
Is 4300753 prime?
True
Is 127208993 prime?
False
Is 2028073 prime?
True
Is 1065149 a composite number?
True
Is 1631951 composite?
False
Is 73398131 a composite number?
False
Is 602099 prime?
True
Is 134148395 composite?
True
Is 115375393 composite?
True
Is 670753 a prime number?
False
Is 3517733 a composite number?
False
Is 325331345 composite?
True
Is 20610283 a prime number?
True
Is 104431 a prime number?
False
Is 382303 composite?
False
Is 4636423 a composite number?
True
Is 7728577 composite?
True
Is 7903043 prime?
True
Is 34772821 composite?
True
Is 380562641 composite?
False
Is 3321673 a prime number?
False
Is 35829551 a composite number?
False
Is 3834833 a composite number?
False
Is 1002223 composite?
True
Is 2300303 a prime number?
False
Is 43176577 a prime number?
True
Is 998657 prime?
False
Is 21475081 prime?
False
Is 504323 a prime number?
True
Is 168841495 prime?
False
Is 22872893 a composite number?
False
Is 11134633 prime?
True
Is 12929479 a prime number?
False
Is 992329 a composite number?
True
Is 24785039 composite?
False
Is 195198781 a prime number?
True
Is 11815373 composite?
True
Is 737543 a prime number?
False
Is 6133462 a composite number?
True
Is 39116087 composite?
False
Is 5667803 composite?
False
Is 81960913 a prime number?
True
Is 27746183 prime?
False
Is 26742409 composite?
True
Is 314441 a prime number?
True
Is 4063699 composite?
False
Is 1057003 composite?
False
Is 738471683 prime?
True
Is 3140105 a composite number?
True
Is 797737403 a prime number?
True
Is 1948321 a composite number?
True
Is 16947443 composite?
True
Is 1731113 a composite number?
False
Is 139091 a prime number?
True
Is 1024091 composite?
False
Is 88553351 a composite number?
False
Is 22371619 composite?
False
Is 480790691 a composite number?
True
Is 53821429 a composite number?
False
Is 960627 a prime number?
False
Is 836567 prime?
True
Is 2215978 a composite number?
True
Is 1870541 a prime number?
True
Is 5926447 composite?
False
Is 1131653 a prime number?
True
Is 45955279 a prime number?
False
Is 219116641 composite?
False
Is 39893641 a composite number?
True
Is 7844887 a composite number?
False
Is 671987669 a composite number?
False
Is 17162858 prime?
False
Is 3039419 composite?
False
Is 10823333 composite?
True
Is 65475637 a composite number?
False
Is 3022951 a composite number?
True
Is 51074 prime?
False
Is 25899133 a prime number?
False
Is 40499023 prime?
True
Is 4840219 composite?
False
Is 19169237 composite?
True
Is 38576877 a prime number?
False
Is 35525491 a composite number?
True
Is 610287 a composite number?
True
Is 6984307 a prime number?
False
Is 19259263 prime?
True
Is 34683137 a composite number?
False
Is 3949483 a prime number?
False
Is 205505459 composite?
False
Is 496513 a composite number?
True
Is 146521621 a prime number?
True
Is 113118961 a prime number?
True
Is 10107091 a composite number?
True
Is 434713303 a prime number?
False
Is 30006274 a composite number?
True
Is 172232493 composite?
True
Is 14932747 prime?
True
Is 983659 a composite number?
False
Is 3016993 prime?
False
Is 2608058 a prime number?
False
Is 58932941 composite?
False
Is 541417 a composite number?
False
Is 6560579 a prime number?
True
Is 7915237 prime?
False
Is 152496389 prime?
False
Is 170939 prime?
False
Is 29492833 a prime number?
False
Is 19835227 prime?
True
Is 330435071 a composite number?
False
Is 157721 composite?
False
Is 3114971 a composite number?
False
Is 238435689 prime?
False
Is 33020501 a composite number?
False
Is 8474491 a composite number?
True
Is 838961 a composite number?
True
Is 1727351 composite?
True
Is 379829 composite?
True
Is 411161403 a prime number?
False
Is 125808407 a composite number?
False
Is 118315759 a prime number?
True
Is 1986461 composite?
False
Is 231113 a composite number?
True
Is 22612241 a prime number?
True
Is 160621891 a composite number?
True
Is 301039 prime?
True
Is 897764